) - (18 + -17).
4
What is the value of 2 - 6 - (0 - 3)?
-1
Calculate (-8 - -11) + 1 - (0 + 9).
-5
What is -6 - -11 - (3 + -4)?
6
What is 4 + -1 + -5 - (-2 + 5)?
-5
Evaluate 3 + 0 + -3 + -1.
-1
(0 - 1) + 3 + (-20 - -22)
4
What is the value of 3 + -2 + (3 - -1) - 0?
5
3 - ((-8 - (6 + -18)) + 2)
-3
What is -1 + 8 + (-5 - -1 - -2)?
5
Calculate (-13 - -12) + 5 + 3 + -1.
6
2 + 8 - (-20 - -30)
0
Evaluate -8 + (-9 - (9 - 29)).
3
Evaluate 10 + -1 - 10 - 8.
-9
Evaluate -45 + 45 + (1 - 2 - -2).
1
(-1 - 5) + (1 - (-5 + 2))
-2
-8 + (2 - 1) + -71 + 78
0
Evaluate 2 + -4 + -1 - 3.
-6
What is -3 + 7 - (-3 - -7)?
0
Evaluate 0 - ((1 - 1) + 2 - 7).
5
What is the value of -6 + (6 - (4 + 0))?
-4
What is the value of (-8 - (-1 + -1)) + 3?
-3
Evaluate -6 - (-5 - 3 - (1 - -2)).
5
(-22 - -20) + (1 - -5)
4
Calculate -15 + 11 + -1 + 4.
-1
(13 - 8) + -5 + -10
-10
Calculate (-3 - -2) + -1 + 3.
1
What is -2 + (3 + 2 - 2) + 3?
4
-4 - ((-1 - -9) + 5 + -7)
-10
Evaluate (-1 - (2 - 1)) + 4 + 0.
2
What is the value of -8 + 2 + 8 + (0 - 3)?
-1
1 + -8 - (-43 - -40)
-4
What is -1 - -3 - (-13 - -10)?
5
Calculate 4 + (-3 + 2 + 4 - 2).
5
Calculate 2 - (-2 + -4 + 4).
4
Calculate 1 + 1 - (3 - -2).
-3
What is the value of 2 + 1 + 1 + -1 - -4?
7
What is the value of -1 + 5 - (2 - -2)?
0
Calculate 9 - (-8 + 16) - (1 - -1).
-1
7 - (12 - -1) - (5 + -1)
-10
4 - (7 + (6 - (3 - -2)))
-4
What is (-8 - -11) + -11 + 2?
-6
-2 + -1 + (-46 - -50)
1
64 + -72 - (-2 + 1) - -7
0
What is 4 - (5 + -2 + 2)?
-1
Calculate -6 - (1 - (3 + -2 - -3)).
-3
Calculate 2 + -7 - (4 + -5).
-4
Calculate 0 + -2 + -2 + 5.
1
Calculate (2 - -1 - 6) + 2.
-1
Evaluate 8 - (0 - (-11 - -7)).
4
79 + -80 + (6 - (0 - 0))
5
What is 15 + -17 - (0 - 4) - 1?
1
What is the value of 2 + -10 + 6 + (-2 - -4)?
0
Evaluate -2 - (-6 + 4) - (2 - 3).
1
What is -7 + (-7 + 4 - -6)?
-4
What is -8 + (1 - -3) + 6?
2
Evaluate 15 - 25 - (3 - 12).
-1
What is the value of 9 + -1 + (6 - 7)?
7
2 + -4 + -2 + (14 - 14)
-4
What is (2 + -7 - -8) + 3?
6
1 - ((3 - 1) + (7 - 3))
-5
1 - (3 + 0) - (22 + -28)
4
What is 23 + -30 + -2 + 9 + -1?
-1
Evaluate 9 + -6 - 9 - -1.
-5
Evaluate 3 - (-10 + 4 + 4).
5
Evaluate (7 - 5) + 1 + -8 + 4.
-1
Evaluate -3 - (-13 + 8) - -4.
6
7 + (-9 - -18) + -21
-5
What is the value of -6 - ((0 - -5) + -2 + -8)?
-1
What is -1 + 0 - (-1 - 3)?
3
Evaluate (5 - (12 + -7)) + (1 - 4).
-3
What is the value of 1 - ((-2 - 4 - -2) + 5)?
0
Calculate -48 + 42 - (-2 - 8).
4
What is (1 - -10 - 0) + -9?
2
What is -1 + (2 - (0 - -1) - 4)?
-4
What is (-1 - (-5 + 2 - -1)) + -2?
-1
What is -8 + (-3 + 3 - -1) + 5?
-2
-5 - (2 - (-9 - -21))
5
What is 5 + (3 - (1 - -5))?
2
What is the value of (-42 - -18) + 26 - (-8 + 1)?
9
Evaluate (-8 + -1 - -9) + -8.
-8
Calculate 6 - ((-1 - -2) + 3).
2
Calculate (6 - (0 + 4)) + -1 - -4.
5
Evaluate (-8 + 7 - -2) + (2 - 1).
2
Calculate -1 - ((0 - -4) + -8).
3
What is 9 - (-3 + 9) - -2?
5
11 - 14 - (-3 + -4)
4
What is -6 - (-5 + (4 - (3 + -1)))?
-3
What is the value of 0 + -6 + (-2 - -6) + 3?
1
Calculate -2 + 0 - (-2 + -5 + 4).
1
Evaluate (43 - 41) + (-1 - (1 + 5)).
-5
Evaluate -4 - (-8 + 0 + 9).
-5
Calculate (-2 - (-5 - -2)) + -2.
-1
What is (8 - 11 - (1 - 2)) + 0?
-2
(-1 - -6 - 3 - -3) + -1
4
Calculate 9 + (-11 + 18 - 10).
6
Calculate 6 + 4 + -4 + -1.
5
What is the value of 5 + 1 - (-19 - (-3 - 14))?
8
What is the value of -2 - (-3 + 2) - -3 - -2?
4
What is -2 + 3 - 1 - (3 - -1)?
-4
What is the value of -10 - -16 - (3 - (0 - 3))?
0
What is -2 - 1 - (-6 - 3)?
6
(9 - 2) + (-3 - 8 - -8)
4
What is the value of 0 - ((5 - -5) + -5 + 1)?
-6
-6 - -5 - 8 - (-5 + 2)
-6
5 + -9 + 3 + 2
1
Evaluate 26 + -25 - (-3 + 3).
1
Calculate (3 - -3) + -4 + 0.
2
(-2 - -1) + (-32 - -37)
4
What is 0 - 1 - (-2 - (4 + -10))?
-5
What is -4 - (1 + 2 + -12)?
5
Evaluate -3 - -7 - (0 - 4 - -9).
-1
Calculate 7 - (-3 - -2) - 10.
-2
What is the value of (3 - 7) + (-3 - (-5 + -5))?
3
What is (2 - (8 + -6)) + (4 - 10)?
-6
What is the value of -2 + (3 + 3 - 14 - 0)?
-10
Evaluate (3 - (-10 + 22)) + 6.
-3
13 - 16 - (1 + -1)
-3
Calculate (5 - (-3 + 0)) + 8 + -22.
-6
What is the value of (-1 - (-5 + 6)) + 0?
-2
Calculate -6 + 4 - -10 - 4.
4
Evaluate (0 - 0) + (3 - (5 - 4)).
2
What is the value of (-1 - (-6 - -4)) + -2 - 2?
-3
Calculate (8 - -2) + -36 + 32.
6
5 + (6 - (6 + -4) - 9)
0
What is -7 + 17 + (-5 - -1) - 0?
6
(-4 - -2 - 3 - 1) + 3
-3
2 + -3 + -2 - (1 - -1)
-5
Calculate (12 + -10 - (-2 + 0)) + -5.
-1
What is 27 - 28 - (0 + -4) - 0?
3
What is -1 - (7 - (-4 + (19 - 7)))?
0
Calculate -4 - (0 + 0 + 2 + -4).
-2
-6 + (0 - 2) + 1 + 2
-5
Calculate (-3 - 8) + 13 - (-1 + -1).
4
What is the value of -5 + 8 + 2 + -3 - 4?
-2
Calculate 3 - (18 + -14 + 4).
-5
Evaluate 1 + -7 + 2 - 0.
-4
Calculate -1 + (-5 - (3 + 0 + -7)).
-2
(9 - 1) + -290 + 281
-1
What is -4 - (-1 + (3 - (5 + -3)))?
-4
Evaluate -13 - ((-10 - -10) + -6).
-7
(3 - 0) + 3 + 1
7
Evaluate 0 + -3 + (6 - (8 - 11)).
6
What is -4 + 4 + -1 + 5 - 4?
0
What is -2 + 4 + 5 + (5 - 12)?
0
Evaluate (-4 + 2 - 4) + (-16 - -20).
-2
Evaluate -6 - (0 + 9 - 17).
2
0 + (-3 + 10 - 1)
6
What is 1 - ((4 - 2) + 0)?
-1
What is 5 + -3 - (-1 + -1 + 0)?
4
Evaluate 0 + 9 + (-18 - -13).
4
Evaluate (-8 - -6) + 6 + 3.
7
What is (1 - 1 - (-6 - -9)) + 5?
2
(-1 - -1) + (-4 - (-3 - 5))
4
What is 0 - (-1 - (1 + -5))?
-3
What is the value of -10 - (-11 + 11 - 4)?
-6
What is -3 - (-19 - (-5 - 1)) - 2?
8
-2 + -8 + 12 + -3 + 7
6
Calculate 4 + 1 + -11 + 9.
3
Calculate 5 + (-1 - 0) + -1.
3
What is the value of 4 + -7 + (8 - 8)?
-3
What is -5 + (-4 - -5 - (-2 + 3))?
-5
What is the value of 1 - (5 + -8) - 8 - -2?
-2
What is -5 + (9 - -1) + -12 + 15?
8
Calculate -2 + 5 + -1 + -3.
-1
6 - (13 - (10 + -1))
2
4 - ((3 - -6) + -1)
-4
What is -3 + -2 + 2 - -6 - -1?
4
-7 - (2 + (-8 - -9) - 1)
-9
What is the value of 3 + 3 + 3 + -9?
0
Evaluate 0 - (10 + -12 + 3).
-1
What is the value of 2 + -5 + -8 + 7?
-4
4 + -1 + -9 - -9
3
(-20 + 19 - (0 - -5)) + 4
-2
Evaluate 3 - (0 + (-1 - 5) - -5).
4
What is the value of (0 - 6) + (-81 - -84)?
-3
What is 5 - (9 - 0) - (2 + -6)?
0
Calculate 6 - (13 + -4) - -4.
1
Calculate -5 - (4 + -6) - (2 - 7).
2
(0 - 0) + (-4 + 2 - -6)
4
Calculate -2 - (-3 - (5 - (-3 - -6))).
3
Evaluate 17 + (-10 - -4) + -20.
-9
Evaluate 6 - (2 + (6 - 6)).
4
-14 - -28 - 12 - (-5 + -1)
8
Calculate 8 + -5 - 2 - (2 - 3).
2
(9 - 8) + -2 + -2
-3
Evaluate (1 - 1) + 1 + (-3 - -3).
1
What is 3 - ((5 - (13 + -3)) + 9)?
-1
(-9 - (1 - 0)) + (-17 - -21)
-6
Evaluate (2 + -1 - 10) + 7.
-2
What is (2 + -8 - 1) + 2?
-5
(8 - 3) + (3 - 7)
1
(3 - 1) + -5 - (9 + -15)
3
What is the value of 16 + -8 - 2 - 3?
3
Evaluate 5 + 9 + -3 + -14.
-3
What is -8 - -3 - -6 - 2?
-1
-16 + 3 + 4 - (-3 - 1)
-5
Evaluate 3 + -6 + 2 - 0.
-1
Evaluate -41 + 29 + (0 - -5).
-7
Calculate -1 - (2 + -2) - (31 - 32).
0
What is 9 + -2 - (7 + -1)?
1
What is the value of -1 + 1 - (6 - (13 - -1))?
8
Calculate (-5 - -4) + (1 - -1) - -4.
5
Evaluate -4 + -3 - 10 - -10.
-7
2 + (-1 - 11) + 8
-2
What is the value of 2 + (-6 - (-4 + -3) - 6)?
-3
What is the value of -1 + -14 + 13 + 11?
9
(4 - (0 - -6)) + 4 + 0
2
What is 10 + -2 + (7 - (3 - -8))?
4
Evaluate (-2 - 2) + 0 + (7 - 4).
-1
Evaluate -5 - (6 + -14 + 3 - 3).
3
What is the value of 12 + -12 - (4 + -7)?
3
Evaluate -4 + 4 + 2 - 2.
0
What is (-43 - -56) + (1 - 11)?
3
What is 0 + (-2 - (1 - 0))?
-3
What is 8 + (3 - 4) + -5 + -11?
-9
Evaluate 2 + (-6 - -4) + (2 - 1).
1
What is 0 + -4 + (5 - -1) + -5?
-3
Evaluate 8 - (5 - -2 - 4).
5
Evaluate 81 - 76 - (-1 - 0 - -4).
2
What is the value of 4 + 3 + 0 + -8?
-1
1 + -2 + (10 - 12) + -2
-5
Calculate (-3 - -3) + (-9 - -5 - 3).
-7
Evaluate -10 - ((-8 - -5) + -2).
-5
What is 13 + -9 + -3 + 4?
5
Calculate 5 + 0 + (-13 - -10).
2
Evaluate 1 - (4 + -2) - (5 - 3).
-3
What is the value of -3 + 13 - 23 - -11?
-2
Evaluate -2 - (-1 + 2 + (2 - 3)).
-2
Calculate 3 - (5 - (-8 - -6)).
-4
Calculate (-9 - -2) + 18 + -5.
6
5 + (-9 - -6) - 3
-1
What is the value of (21 - 19 - (0 + -1)) + 4?
7
5 - (4 + 1) - -5 - 13
-8
Evaluate -1 + 0 + 8 + -4 + 1.
4
Evaluate -6 - 0 - (2 - 3).
-5
Evaluate (13 - -2 - 15) + -8.
-8
Calculate 14 + (-2 - (1 + 6) - -2).
7
(6 - -5 - (-4 + 4)) + -6
5
What is 11 + (-6 - -1) - (0 - -2)?
4
Evaluate 5 + (1 + -1 - 3) + 2.
4
What is the value of (2 - 6 - -9) + -4?
1
What is the value of (-1 - 2) + (-4 - -5)?
-2
What is -3 + 1 